{"id":1373,"date":"2023-08-29T05:35:52","date_gmt":"2023-08-29T05:35:52","guid":{"rendered":"http:\/\/www.sklepdiagnostyczny.pl\/?post_type=product&#038;p=1373"},"modified":"2023-09-01T07:39:03","modified_gmt":"2023-09-01T07:39:03","slug":"jcb-z-komputerem-zaawansowanym","status":"publish","type":"product","link":"https:\/\/www.sklepdiagnostyczny.pl\/index.php\/produkt\/jcb-z-komputerem-zaawansowanym\/","title":{"rendered":"JCB z komputerem zaawansowanym"},"content":{"rendered":"<p>Zestaw Diagnostyczny Electronic Service Tool do maszyn JCB. Przy jego pomocy mo\u017cemy przeprowadzi\u0107:<br \/>\nDiagnostyk\u0119<br \/>\nOdczyt warto\u015bci pomiarowych<br \/>\nIdentyfikacja sterownik\u00f3w i poprawno\u015b\u0107 dzia\u0142ania<br \/>\nTesty silnika, skrzyni bieg\u00f3w, element\u00f3w hydraulicznych i pneumatycznych<br \/>\nKalibracje podzespo\u0142\u00f3w<br \/>\nRegulacje \/ Kodowanie \/ Programowanie<br \/>\nOdczyt\/Zapis parametr\u00f3w<br \/>\nKasowanie przegl\u0105d\u00f3w \/ inspekcji serwisowych<\/p>\n<p>Lista obs\u0142ugiwanych modeli zawiera najbardziej popularne pozycje. Je\u017celi nie mog\u0105 Pa\u0144stwo znale\u017a\u0107 konkretnego modelu prosimy o kontakt i potwierdzimy czy jest obs\u0142ugiwany (w 99% przypadkach TAK).<\/p>\n","protected":false},"excerpt":{"rendered":"<p>Zestaw Diagnostyczny Electronic Service Tool do maszyn JCB. Przy jego pomocy mo\u017cemy przeprowadzi\u0107:<br \/>\nDiagnostyk\u0119<br \/>\nOdczyt warto\u015bci pomiarowych<br \/>\nIdentyfikacja sterownik\u00f3w i poprawno\u015b\u0107 dzia\u0142ania<br \/>\nTesty silnika, skrzyni bieg\u00f3w, element\u00f3w hydraulicznych i pneumatycznych<br \/>\nKalibracje podzespo\u0142\u00f3w<br \/>\nRegulacje \/ Kodowanie \/ Programowanie<br \/>\nOdczyt\/Zapis parametr\u00f3w<br \/>\nKasowanie przegl\u0105d\u00f3w \/ inspekcji serwisowych<\/p>\n","protected":false},"featured_media":1344,"comment_status":"open","ping_status":"closed","template":"","meta":[],"product_cat":[26,33],"product_tag":[],"_links":{"self":[{"href":"https:\/\/www.sklepdiagnostyczny.pl\/index.php\/wp-json\/wp\/v2\/product\/1373"}],"collection":[{"href":"https:\/\/www.sklepdiagnostyczny.pl\/index.php\/wp-json\/wp\/v2\/product"}],"about":[{"href":"https:\/\/www.sklepdiagnostyczny.pl\/index.php\/wp-json\/wp\/v2\/types\/product"}],"replies":[{"embeddable":true,"href":"https:\/\/www.sklepdiagnostyczny.pl\/index.php\/wp-json\/wp\/v2\/comments?post=1373"}],"wp:featuredmedia":[{"embeddable":true,"href":"https:\/\/www.sklepdiagnostyczny.pl\/index.php\/wp-json\/wp\/v2\/media\/1344"}],"wp:attachment":[{"href":"https:\/\/www.sklepdiagnostyczny.pl\/index.php\/wp-json\/wp\/v2\/media?parent=1373"}],"wp:term":[{"taxonomy":"product_cat","embeddable":true,"href":"https:\/\/www.sklepdiagnostyczny.pl\/index.php\/wp-json\/wp\/v2\/product_cat?post=1373"},{"taxonomy":"product_tag","embeddable":true,"href":"https:\/\/www.sklepdiagnostyczny.pl\/index.php\/wp-json\/wp\/v2\/product_tag?post=1373"}],"curies":[{"name":"wp","href":"https:\/\/api.w.org\/{rel}","templated":true}]}}